 15) to base 8
-3300
What is 122220 (base 3) in base 6?
2123
-1cc0 (base 15) to base 7
-24144
4193 (base 10) to base 3
12202022
Convert 7606 (base 16) to base 10.
30214
Convert 336c (base 16) to base 15.
3d79
-1ade (base 16) to base 9
-10382
Convert 220311 (base 4) to base 11.
1a66
What is -23465 (base 13) in base 10?
-64472
What is -20851 (base 9) in base 7?
-55165
-2255 (base 9) to base 4
-122012
-101100010011 (base 2) to base 6
-21043
a57 (base 14) to base 6
13233
525 (base 6) to base 4
3011
What is 6544 (base 14) in base 3?
220000022
100215 (base 7) to base 3
212012120
What is 67aa (base 16) in base 7?
140241
Convert -21022 (base 5) to base 3.
-1220101
Convert -312030 (base 4) to base 7.
-13053
Convert -23221 (base 4) to base 6.
-3241
Convert -177d5 (base 14) to base 4.
-32130233
Convert 103341 (base 5) to base 9.
4835
Convert 170 (base 13) to base 11.
217
Convert 10c (base 16) to base 3.
100221
1330303 (base 4) to base 3
101221211
-3512 (base 7) to base 5
-20113
Convert 4516 (base 7) to base 4.
121132
Convert -12124 (base 5) to base 16.
-392
-10312221 (base 4) to base 15
-5d56
Convert -ba8 (base 13) to base 2.
-11111001101
Convert -1110100001000 (base 2) to base 5.
-214212
Convert -4143 (base 13) to base 2.
-10001100110100
134 (base 12) to base 13
112
808d (base 14) to base 15
681c
What is -3170 (base 10) in base 9?
-4312
-173006 (base 8) to base 12
-30546
What is 31b1 (base 16) in base 2?
11000110110001
Convert 23413 (base 5) to base 10.
1733
What is 26453 (base 11) in base 4?
21032302
11622 (base 10) to base 9
16843
-3753 (base 8) to base 10
-2027
What is 414 (base 13) in base 8?
1265
Convert -10011111111001 (base 2) to base 11.
-7763
Convert -30341 (base 5) to base 12.
-1183
501 (base 13) to base 16
34e
-14062 (base 8) to base 15
-1c7e
What is -10d1 (base 14) in base 10?
-2927
What is -7242 (base 10) in base 12?
-4236
Convert -11100010 (base 2) to base 9.
-271
Convert -2462 (base 14) to base 2.
-1100011010110
-13203 (base 5) to base 7
-3033
Convert -1013012 (base 4) to base 7.
-16160
2008 (base 13) to base 7
15556
What is 727 (base 10) in base 14?
39d
What is 1100011110111 (base 2) in base 6?
45331
What is -7426 (base 8) in base 2?
-111100010110
-130043 (base 6) to base 14
-4391
What is -54315 (base 7) in base 2?
-11010011100000
Convert 42110 (base 6) to base 12.
3336
-45315 (base 6) to base 13
-2ba0
Convert -2222 (base 5) to base 12.
-220
-123 (base 13) to base 7
-402
What is c61 (base 16) in base 12?
1a01
What is 2121 (base 4) in base 13?
ba
Convert 10110010100 (base 2) to base 10.
1428
What is -b0 (base 15) in base 13?
-c9
Convert 1028 (base 14) to base 13.
135b
Convert 97c6 (base 15) to base 12.
16720
Convert 112 (base 11) to base 7.
251
Convert 2d18 (base 16) to base 2.
10110100011000
What is -4420 (base 8) in base 4?
-210100
Convert 13b7 (base 16) to base 11.
3879
6683 (base 13) to base 10
14303
Convert -112 (base 14) to base 9.
-255
Convert -3220 (base 5) to base 13.
-276
-1b3 (base 14) to base 8
-541
What is -637 (base 9) in base 13?
-310
56411 (base 7) to base 3
201120102
What is -aa (base 11) in base 12?
-a0
What is 3443 (base 11) in base 14?
1912
805 (base 14) to base 2
11000100101
21041 (base 5) to base 6
10244
Convert 502 (base 7) to base 8.
367
Convert 825 (base 13) to base 3.
1220020
Convert 4602 (base 11) to base 8.
13644
-3766 (base 14) to base 11
-7313
Convert 12244 (base 5) to base 14.
4bb
5693 (base 15) to base 11
12884
Convert -11101000101101 (base 2) to base 16.
-3a2d
What is -13366 (base 7) in base 16?
-e29
Convert 510 (base 15) to base 12.
7b0
d38 (base 15) to base 7
11453
What is -2a46 (base 11) in base 6?
-30054
What is -1196 (base 11) in base 3?
-2010200
-165 (base 12) to base 6
-1005
Convert -aa26 (base 12) to base 7.
-105444
Convert 61bd (base 15) to base 8.
50255
Convert -198a (base 14) to base 16.
-1216
Convert 16032 (base 11) to base 14.
838a
What is -1001111010 (base 2) in base 14?
-334
What is 2003002 (base 4) in base 6?
102454
Convert 530 (base 11) to base 3.
212122
What is -3021322 (base 4) in base 12?
-758a
Convert a70 (base 11) to base 6.
5543
-23445 (base 6) to base 9
-4612
Convert 27314 (base 12) to base 2.
1101001100000000
Convert 2541 (base 10) to base 2.
100111101101
What is -2209 (base 12) in base 15?
-11a3
13561 (base 8) to base 6
43441
Convert -6867 (base 10) to base 8.
-15323
-b5 (base 16) to base 11
-155
Convert 8aa (base 12) to base 13.
778
What is 224 (base 8) in base 13?
b5
-611 (base 8) to base 3
-112120
-222141 (base 5) to base 9
-11622
What is -1366 (base 14) in base 7?
-12656
c8e (base 16) to base 9
4361
What is -113322 (base 5) in base 16?
-1074
What is -58b1 (base 13) in base 7?
-51250
Convert 286c (base 15) to base 13.
3c27
What is 2241221 (base 5) in base 16?
9cfa
53125 (base 9) to base 14
cb0c
Convert 100222 (base 6) to base 7.
31631
What is -42a0 (base 11) in base 5?
-140201
What is 1b5 (base 14) in base 10?
355
Convert -38bb (base 12) to base 14.
-250b
What is 37 (base 15) in base 5?
202
-343 (base 5) to base 11
-8a
What is -420 (base 8) in base 7?
-536
-310 (base 6) to base 4
-1302
What is -2242 (base 8) in base 10?
-1186
Convert -145032 (base 6) to base 8.
-33354
What is 200b (base 13) in base 16?
1135
What is -54 (base 9) in base 16?
-31
7379 (base 16) to base 2
111001101111001
What is -913 (base 15) in base 10?
-2043
What is 22020110 (base 3) in base 6?
43450
What is -1a13 (base 11) in base 14?
-d07
403456 (base 7) to base 11
47508
What is -4125 (base 6) in base 9?
-1228
Convert 13318 (base 9) to base 10.
9008
cc (base 13) to base 6
440
-2737 (base 11) to base 3
-11212110
What is -79513 (base 10) in base 5?
-10021023
What is -2088 (base 10) in base 2?
-100000101000
What is 50b0 (base 13) in base 14?
40ac
2eca (base 15) to base 6
114414
Convert -231 (base 7) to base 12.
-a0
What is 644 (base 16) in base 14?
828
Convert -101100001010101 (base 2) to base 10.
-22613
What is -201021 (base 5) in base 15?
-1d5b
1d08 (base 16) to base 5
214212
What is 146 (base 9) in base 15?
83
What is -2022314 (base 5) in base 15?
-9ade
Convert -7249 (base 13) to base 8.
-36642
What is -3847 (base 11) in base 7?
-20420
Convert bc1 (base 16) to base 13.
14a6
What is -678 (base 15) in base 16?
-5b7
Convert cc93 (base 16) to base 7.
305454
Convert -12225 (base 7) to base 12.
-1a30
What is -21524 (base 9) in base 4?
-3133012
Convert 53666 (base 7) to base 3.
200100102
What is -13233100 (base 4) in base 13?
-11572
Convert 1a03 (base 13) to base 9.
5302
Convert -120022010 (base 3) to base 8.
-25622
Convert -3 (base 14) to base 4.
-3
-12365 (base 7) to base 8
-6321
-3877 (base 13) to base 6
-101121
-561 (base 10) to base 7
-1431
What is 110361 (base 9) in base 16?
10174
Convert -12 (base 10) to base 9.
-13
353 (base 9) to base 5
2131
10100100011 (base 2) to base 5
20230
What is -109 (base 13) in base 10?
-178
-690 (base 11) to base 10
-825
Convert 36413 (base 7) to base 15.
2c12
-150443 (base 8) to base 16
-d123
-91c5 (base 13) to base 14
-747d
-1134 (base 8) to base 3
-211101
What is -10d74 (base 15) in base 11?
-37351
-302e (base 15) to base 8
-23671
Convert 653 (base 7) to base 5.
2312
1001010010011 (base 2) to base 6
34003
What is 1101010001011 (base 2) in base 12?
3b23
Convert -1 (base 13) to base 8.
-1
What is -6204 (base 7) in base 4?
-201300
Convert -165141 (base 7) to base 5.
-2024011
What is 1c11c (base 13) in base 4?
31131033
What is 118 (base 14) in base 7?
431
-526 (base 10) to base 12
-37a
What is 131332 (base 5) in base 9?
7136
20750 (base 9) to base 14
5010
What is -11010 (base 3) in base 16?
-6f
What is -10212200 (base 3) in base 12?
-1776
Convert -4542 (base 13) to base 16.
-25d7
What is 1515 (base 7) in base 9?
736
-10316 (base 7) to base 5
-40221
-1127 (base 12) to base 10
-1903
23041 (base 7) to base 10
5860
What is 1101002 (base 3) in base 2?
1111101001
-264443 (base 7) to base 9
-75052
Convert 4259 (base 11) to base 6.
42022
367 (base 9) to base 6
1224
3720 (base 13) to base 10
7800
-7918 (base 16) to base 14
-b424
Convert -108508 (base 9) to base 5.
-4042134
756 (base 11) to base 9
1218
-14633 (base 8) to base 2
-1100110011011
Convert 100112201 (base 3) to base 10.
6958
7717 (base 14) to base 8
50171
Convert 5e09 (base 16) to base 12.
11b21
Convert -111211 (base 3) to bas